ist the prime factors of h.
2
Let z be (-256)/(-14) + 1/(14/(-4)). Let q(v) = -v**3 + 17*v**2 + 25*v - 19. What are the prime factors of q(z)?
107
What are the prime factors of (12/(-5))/(((-342)/(-9240))/(-19))?
2, 7, 11
Let r = -15 + 19. Suppose 132 = 5*p - 3*n, -r*n = 5*p - 39 - 100. What are the prime factors of p?
3
Let h = -4333 + 6868. List the prime factors of h.
3, 5, 13
Let q = 5 - 2. Let f(w) = -2*w + 3. Let n(v) = -v + 2. Let t(i) = q*n(i) - 4*f(i). What are the prime factors of t(4)?
2, 7
Let h(q) be the third derivative of 7*q**5/60 + 5*q**4/12 + 65*q**3/6 - 2*q**2 + q. What are the prime factors of h(-5)?
2, 5, 19
Suppose w = o + 2374, -15*w - 4*o - 11875 = -20*w. List the prime factors of w.
3, 13, 61
Let y(g) = g**3 - 13*g**2 + 2*g - 9. What are the prime factors of y(15)?
3, 157
Let s = -28 + 70. Let h = -22 + s. List the prime factors of h.
2, 5
Let b(x) be the third derivative of x**6/120 + 7*x**5/60 - 3*x**4/8 - 5*x**3/3 - 10*x**2. What are the prime factors of b(-7)?
53
Let k(l) be the first derivative of 1/2*l**2 + 4 + 12*l. What are the prime factors of k(-10)?
2
Let i = -106 + 148. What are the prime factors of ((-11)/(77/18))/((-9)/i)?
2, 3
Let h = -10 - -4. Let z = 11 + h. Suppose 2*w - 2*s = 66, 0 = z*w + 2*s - 69 - 61. What are the prime factors of w?
2, 7
Let x be (-2)/(-8) - (-19)/4. Let r be 2/(-4)*-2 + 2. Suppose r*q = -x*j + 50, j = 4*q + 4*j - 52. What are the prime factors of q?
2, 5
Let t = -6 + 7. Let d(k) = 8*k**2. Let w be d(t). Suppose 3*r - w = i, 0 = -2*i + i - r + 12. List the prime factors of i.
7
Let p = 46 + -49. What are the prime factors of (-3)/(-9) - ((-976)/6 - p)?
2, 5
Let v = -497 + 704. What are the prime factors of v?
3, 23
Let x(t) = -2*t**2 - 3*t + 124. Let q be 2 + (-1 - -3) - 4. What are the prime factors of x(q)?
2, 31
Let o = 50 + -6. Suppose 3*p = 55 + o. Let u = -18 + p. What are the prime factors of u?
3, 5
Suppose -7 = -6*j + 11. Suppose -3*m + j*k + 213 = -0*k, 5*k = -15. Let q = m + -19. What are the prime factors of q?
7
Let l(n) = 13*n + 16. Suppose 15 = -5*q + 45. List the prime factors of l(q).
2, 47
Suppose 4*v - 6880 = -2*d, -118*v + 5*d = -119*v + 1738. What are the prime factors of v?
2, 859
Suppose -3 = -3*x + 2*x. Suppose 0 = a + 2, x*s + a - 52 = 54. List the prime factors of s.
2, 3
Suppose -3*t - 17 = -4*o, -2*t - t = -5*o + 19. Suppose -4*g = -o*n + g + 240, 0 = -n - 5*g + 150. What are the prime factors of n?
2, 5, 13
Suppose -5*s = -j - 3961, j - 3348 = -5*s + 611. List the prime factors of s.
2, 3, 11
Let n be -7 + 7 + -4 + -33. Let m = n - -39. Suppose 0 = 5*g - 3*f - 140, f - 4*f = m*g - 77. What are the prime factors of g?
31
Let a(t) = -t**3 - 15*t**2 - 13*t + 16. Let f be a(-14). Suppose 0 = -0*y + 4*y + f*m - 136, 5*y = 2*m + 152. List the prime factors of y.
2
Let v(a) = 6*a**2 - 4. Let h be v(3). Suppose -h = 30*j - 31*j. List the prime factors of j.
2, 5
Let w = 1354 + -764. List the prime factors of w.
2, 5, 59
Suppose -a + 2027 = -4*q - 1545, -8 = 2*q. What are the prime factors of a?
2, 7, 127
Suppose 21*g - 13622 - 1477 = 0. List the prime factors of g.
719
Let t be 172/2*(-55)/(-22). What are the prime factors of (12/(-60))/((-2)/t)*6?
3, 43
Let s(v) be the second derivative of -4*v**3 - v**2/2 - 6*v. Let n be (-44)/33 + 1/3. What are the prime factors of s(n)?
23
Suppose y - 5*c = 72, 9*c - 84 = -2*y + 7*c. What are the prime factors of y?
47
Suppose 0 = -9*w + 8 + 568. What are the prime factors of w?
2
Let v = 1993 + -1810. List the prime factors of v.
3, 61
List the prime factors of 2296/(-3*5/(-30)).
2, 7, 41
Let w = 6290 + -4129. What are the prime factors of w?
2161
Let g(z) = 10*z**2 - 10*z + 45. List the prime factors of g(-7).
5, 11
Let s = 88 + -39. Let m = s + -4. Let n = m - 26. List the prime factors of n.
19
Suppose -5*i = 5*p - 15, 4*i = i + 4*p + 16. Suppose -6*w = -i*w. Suppose w = -6*f + 19 + 161. List the prime factors of f.
2, 3, 5
Let y(o) = o**3 + 32*o**2 - 66*o + 49. What are the prime factors of y(-33)?
2, 569
Suppose 334604 = 53*p + 129918. List the prime factors of p.
2, 1931
Let q = -753 + 2352. List the prime factors of q.
3, 13, 41
Suppose -u - 2*f - 61 = -273, 5*u = 3*f + 1034. Suppose u = 2*c - 0*c. List the prime factors of c.
2, 13
Let i(m) be the second derivative of -32*m**3/3 - 9*m**2/2 + 7*m. What are the prime factors of i(-2)?
7, 17
Suppose 0 = -m - 3*o - 1, -5*m - 7*o + 4*o = 5. List the prime factors of -5 - 1/(m/165).
2, 5
Suppose -4 = p - 2*p. Let m be (-16)/(-32)*(-28)/(-2 - 0). Let b = m - p. List the prime factors of b.
3
Suppose 4*d - 9*d - 7645 = -5*h, -d = 5*h - 7621. List the prime factors of h.
5, 61
Suppose -9*k + 9649 = 1837. What are the prime factors of k?
2, 7, 31
What are the prime factors of 380*-4*(-190)/160?
5, 19
Let d(t) = 30*t - 27. Let y(o) = 2*o**2 - 35*o - 13. Let q be y(18). What are the prime factors of d(q)?
3, 41
Let d(m) = -781*m**3 - m**2 - 2*m - 1. List the prime factors of d(-1).
11, 71
Let s = -28 - -29. List the prime factors of (580/(-16) - s)/((-1)/4).
149
List the prime factors of (-36)/(-81) + (3800/(-18))/(-2).
2, 53
Suppose 0 = 6*k + 2600 - 5372. List the prime factors of k.
2, 3, 7, 11
Let o = -105 - 63. Let s = -92 - o. What are the prime factors of s?
2, 19
Let z(v) = 62*v + 211. What are the prime factors of z(34)?
3, 773
Suppose -3*s + 7*s - 4204 = -g, -s = 2*g - 1051. What are the prime factors of s?
1051
Let y be 9/(-2)*(8 - 234/27). Suppose -y*b + 71 = -3*k + 458, -263 = -2*k + 3*b. List the prime factors of k.
2, 31
Suppose -4*q = -266 - 758. Let h = -169 + q. What are the prime factors of h?
3, 29
Suppose -50*q + 88016 = 34466. List the prime factors of q.
3, 7, 17
Suppose -z + 2 = -0. List the prime factors of (z/(-4))/((-5)/210).
3, 7
Let v(h) = 220*h + 2. Let o be v(-1). Let z = -129 - o. List the prime factors of z.
89
Let u(y) = -3*y + 60. Let t(p) = 3*p - 58. Let q(j) = 4*t(j) + 5*u(j). What are the prime factors of q(-21)?
131
Suppose 0 = 5*k - 2*q - 495, -3*k - 5*q = -99 - 229. Suppose 6*m + 107 + 127 = 0. Let w = m + k. What are the prime factors of w?
2, 31
Let l = -1541 - -2282. What are the prime factors of l?
3, 13, 19
Suppose 75 = 14*g - 9*g. Let n(i) = -14*i**2 + 3*i**3 + 0*i**3 + 2*i - g - 2*i**3. What are the prime factors of n(14)?
13
Let a = -28 + 33. Suppose 4*n + 5*z - 765 = -0*z, 4*z - 963 = -a*n. What are the prime factors of n?
3, 5, 13
Suppose 0 = 2*z - 4. Suppose -4*m + 23 = -5*f, -5*f + 5*m = 18 + z. What are the prime factors of (-250)/(-7) + (-2)/f?
2, 3
Let n be (0 + 1)*(-6 + 5). Let z(h) = -h - 1. Let x be z(n). Suppose 3*t - 36 = 2*t - 4*i, x = -5*t - 2*i + 180. List the prime factors of t.
2, 3
Let c(q) = -2*q**2 - 2*q**2 + 5 + 0*q**3 + 2*q**3 - 4*q**3. Let m be c(3). Let w = -50 - m. List the prime factors of w.
5, 7
Let y be (-3)/(-6) + 2/(-4). Let t = -4 - -6. Suppose s - 22 + t = -3*p, y = -p + 5. What are the prime factors of s?
5
Suppose -4*c + 12 = -0*c. Suppose -4*q + 56 = z + 20, q - 4*z = 9. Suppose 36 = c*a - q. What are the prime factors of a?
3, 5
Let l(o) = -o**2 - 6*o. Let g be l(-5). Suppose m = -6 - g. Let t = m + 14. List the prime factors of t.
3
Let u(z) = -z**3 + z**2 - z + 107. List the prime factors of u(0).
107
Let o be (-71)/5 - (-11)/55. Let p be (-4)/o - 160/(-28). What are the prime factors of 11/33 - (-214)/p?
2, 3
Suppose -5*o = -5*s + 4315, 2*s - 5*s + 4*o + 2594 = 0. What are the prime factors of s?
2, 3, 11, 13
Suppose 15 = -3*m, 5*m = -2*t + 9*m + 1288. List the prime factors of t.
2, 317
Let l be 1/(1/(-810)*3). What are the prime factors of (3*(-2)/(-15))/((-6)/l)?
2, 3
What are the prime factors of 14 + -11 - -12*(-39)/(-1)?
3, 157
Suppose -62 = 4*i + 82. Suppose 4*s = -0*v - 2*v - 1096, 0 = 3*s - 5*v + 822. List the prime factors of 8/i + s/(-18).
3, 5
Suppose 2*g = 8, 2*i + 0*i - 2*g = 0. Suppose 58 = 2*c + i*j, -4*j = 5*c - c - 128. Suppose c = 2*l - 3. What are the prime factors of l?
19
Let a(n) = 124*n + 231. List the prime factors of a(5).
23, 37
Let p = 1039 - -1439. What are the prime factors of p?
2, 3, 7, 59
Suppose -1528 = -2*z + 23*b - 19*b, -3*z + 3*b = -2277. List the prime factors of z.
2, 13, 29
Suppose 0*f = 2*f + 5*s - 28, 51 = 3*f + 3*s. Let n(d) = -d**3 + 19*d*